t is the greatest common divisor of 112 and l?
16
Let r(u) = u**2 + 14*u - 7. Let a = 13 + -26. Let v be r(a). Let j = v + 32. Calculate the highest common divisor of j and 12.
12
Suppose 28*k + 414 - 1870 = 0. Calculate the highest common divisor of 416 and k.
52
Let s = 312 - 310. Suppose 0 = t + 3*t + 3*o + 7, 5*o + 35 = 5*t. What is the highest common factor of t and s?
2
Suppose 0 = 2*q + 2, -2*q + 3*q - 43 = -d. What is the highest common factor of 44 and d?
44
Suppose h - 200 = -180. What is the greatest common divisor of h and 54?
2
Let j(q) = 16*q**2 - 26*q - 134. Let w be j(-7). Calculate the greatest common divisor of w and 26.
26
Let k = -132 + 286. Suppose -14 = -4*b - 6. Suppose 4*i + b*p - 54 = 0, 68 = 5*i + 2*p - 0*p. What is the greatest common divisor of i and k?
14
Let s(a) = 2*a**3 + 4*a**2 + 4*a + 7. Let c be s(4). Let z be ((-176)/80)/((-1)/c). Calculate the greatest common divisor of z and 43.
43
Let c = 8 - 4. Let q(d) = d**3 - 26*d**2 + 10. Let f be q(26). Calculate the highest common divisor of c and f.
2
Let u(i) = 7*i**2 + 8*i + 1. Let n be u(11). Suppose 0*k + 3*k + n = 0. Let l be (-2)/4*k/3. What is the greatest common divisor of 13 and l?
13
Let y = 605 - 524. Calculate the greatest common divisor of y and 45.
9
Let h(p) = 38*p**3 + 2*p**2 - 4*p + 3. Suppose -24*z = -14*z - 10. Let s be h(z). What is the highest common factor of 39 and s?
39
Let l(i) = 8*i**2 - 3*i**3 + 7 + 2*i**3 + 0*i**3 + 2*i - i**3. Let j be l(4). What is the highest common factor of 15 and j?
15
Suppose 72 = 14*y - 16*y. Let l = 46 + y. Calculate the greatest common divisor of l and 90.
10
Let t(v) = -2 + 5*v - 7*v**2 + 0 + v**3 + v + 0. Let c be t(6). Let f be ((-222)/24)/(c/8). What is the highest common divisor of f and 74?
37
Let n be (1 - 0) + 0 + 11. Let x be ((-7)/(-2))/(5/(-10)). Let v = x + 13. Calculate the highest common factor of v and n.
6
Suppose 0 = 6*x - 3216 - 1392. What is the highest common divisor of x and 48?
48
Let h be 6/(-8) + 295/20. What is the highest common divisor of 658 and h?
14
Suppose -c = 20 + 3. Let g = c + 28. Suppose -2*l + 16 = i, -39 - 46 = -g*i - 5*l. Calculate the greatest common factor of i and 18.
18
Let i = -1 + 22. Suppose j - 77 = -i. What is the highest common divisor of 8 and j?
8
Let z be ((-10)/3)/(2/(-9)) + 1. Suppose 6*h = 38 + z. Suppose 0 = -5*c + 54 + 36. What is the highest common factor of h and c?
9
Let a = 45 + -16. Let l = -2310 + 2455. What is the greatest common factor of a and l?
29
Let x be (-5 + 4)*1 + 3. Suppose 2*r = x*h - 14, 3*h = 3*r + r + 16. Calculate the highest common divisor of 8 and h.
4
Let q be 2/(-3)*(-45)/10. Suppose n - 1 - q = 0. Suppose 16 = -n*g + 5*g. What is the greatest common factor of g and 128?
16
Let x be (22 + -9)*2/1. Let n = 39 - x. Suppose 2*j - 110 = -4*t, -3*j = -2 - n. Calculate the greatest common divisor of 100 and t.
25
Suppose 3*y + m = -0*m + 1410, -m = -3*y + 1410. Calculate the highest common divisor of 20 and y.
10
Let m = -205 + 238. What is the greatest common divisor of m and 55?
11
Suppose 0 = 4*x + 4*a + 256, 3*a - 3 = -0*a. Let c be 10/x - 82/(-26). Let g = 22 - c. Calculate the greatest common factor of 76 and g.
19
Suppose -6*w = -w - 480. Let k = -20 - -44. Calculate the highest common divisor of w and k.
24
Let r be 0 + (-3)/(-1) + 2. Let c be 1/r + 4472/65. What is the highest common divisor of c and 46?
23
Suppose 3*s + 0*s + q - 4 = 0, -2*s = -5*q + 20. Suppose 0*o + o - 34 = -2*n, s = -3*n - 2*o + 49. What is the greatest common divisor of 133 and n?
19
Suppose -8*i = -5*i - 411. Suppose -3 - i = -5*a. What is the greatest common divisor of a and 84?
28
Let a(d) = -d**2 - 10*d - 1. Let j be a(-9). Suppose -3*p + 1486 - 1450 = 0. What is the highest common divisor of p and j?
4
Let s = 16 + -8. Suppose s*t = 9*t. Suppose 4*i = l + 2*l - 33, l - 4*i - 19 = t. Calculate the greatest common factor of 1 and l.
1
Let w be ((-10)/8 - 0)/((-14)/560). What is the greatest common factor of w and 725?
25
Let k(o) = 3*o**2 + 8*o + 20. Let w be k(-7). Let f = 166 - w. Calculate the greatest common factor of 5 and f.
5
Suppose -36*b + 840 = -24*b. What is the highest common factor of 35 and b?
35
Let n be (3/(30/(-44)))/((-54)/4050). Calculate the greatest common divisor of 30 and n.
30
Suppose -2*y = 4*z + 25 - 27, -y - 20 = -5*z. What is the highest common factor of z and 27?
3
Let f(m) = -m + 7. Let u be 1*(-16)/(-4) + -49. Let i = -40 - u. Let r be f(i). Calculate the highest common divisor of r and 18.
2
Let l be (-1)/2 - (-27)/6. Let a be (42/l)/((-14)/(-140)). What is the highest common divisor of 42 and a?
21
Suppose -304 = -5*u + 206. Suppose -u*i = -108*i + 60. Calculate the highest common factor of 170 and i.
10
Suppose 0 = -i - i + 200. Suppose 4*j - 5*j = -20. Calculate the highest common factor of j and i.
20
Let i = 31 + -28. Suppose 5*b = 10, -5*n = -i*b + b - 61. What is the highest common factor of n and 13?
13
Let s be (((-36)/42)/((-1)/(-7)))/2. Let j(b) = b**2 + 2*b + 5. Let x be j(s). What is the greatest common divisor of 12 and x?
4
Suppose 0 = -c - n - 2*n + 56, -3*c + 5*n + 224 = 0. Let z = c + -32. Calculate the highest common divisor of z and 6.
6
Suppose 5*q = 2*k + 19, 35 = 4*q + 5*k - 0. Suppose d - 16 = -2*g, -q*d + 2*g - g = -102. What is the greatest common divisor of d and 80?
20
Let f(a) = 15*a**2. Suppose 2*c + 2 = 6*c + b, 0 = 4*c + 4*b + 4. Let z be f(c). Calculate the greatest common factor of z and 120.
15
Let g = -1 - -18. Suppose 3*x - w = w + 84, -3*w = x - g. Suppose -2*r = -2*d - 82, r + 3*d - 189 = -4*r. What is the greatest common factor of r and x?
13
Suppose 5*o = 139 + 141. Let v(y) = 2*y - 6. Let i be v(13). Let n = i - 12. What is the greatest common divisor of o and n?
8
Let n = -31 - -7. Let i = 16 + n. Let k be (-146)/(-8) + 2/i. Calculate the greatest common divisor of k and 18.
18
Suppose -652*u + 72 = -644*u. What is the greatest common factor of u and 24?
3
Suppose 206*u - 207*u + 8 = 0. What is the highest common divisor of u and 76?
4
Suppose -5*i - 210 = -115*h + 112*h, 68 = h - 2*i. Suppose 3*x + 2*w - w - 48 = 0, 3*w = 3*x - 48. Calculate the highest common divisor of h and x.
16
Suppose 51*n + 48 = 53*n. Suppose -4*m + 2*m + 34 = 5*u, 68 = 4*m + u. Suppose -5*k + m = -283. What is the greatest common divisor of k and n?
12
Let n(w) = -22 - w + 16 - 3*w. Let p(o) = -o**3 - 7*o**2 - 4*o + 8. Let i be p(-6). Let h be n(i). What is the highest common factor of h and 25?
5
Let z = -67 + 71. Let h be (-500)/(-24) + (-2)/(-48)*z. Calculate the highest common factor of h and 3.
3
Suppose 4*r - 28 = 3*r. Suppose -3*v = 4*v - 392. Calculate the greatest common factor of r and v.
28
Suppose -2*h - 3*h + 338 = u, 3*h = 3*u + 210. Let n be 2/(-5) + h/20. What is the greatest common factor of n and 33?
3
Let w be (-15)/(44/10 + 25/(-5)). What is the highest common divisor of w and 425?
25
Let m = 155 - -70. Suppose -67*c + 58*c = -135. What is the highest common divisor of m and c?
15
Suppose 3*c + 4*u + 21 = -6, 3*u - 16 = 5*c. Let i = 12 + c. Suppose 0*g - 5*b + 28 = g, 0 = -4*b. Calculate the greatest common factor of g and i.
7
Suppose -31*r - 750 = -33*r. What is the greatest common divisor of 15 and r?
15
Let k(u) = u**3 + 20*u**2 + 26. Let z(w) = -12*w + 4. Let h be z(2). Let o be k(h). What is the highest common divisor of 2 and o?
2
Let r(a) = -3*a - 2. Let x be r(-3). What is the highest common divisor of 4 and x?
1
Let f(n) = 17*n**2 - 3*n + 2. Let r be f(-2). What is the greatest common divisor of 171 and r?
19
Let x(a) = -a**3 + 4*a - 1. Let y be x(-3). Let k be 11/1 - (-1352)/(-338). Calculate the greatest common factor of y and k.
7
Let i(h) = 4*h**2 - 5*h + 7. Let s be i(3). Calculate the greatest common divisor of s and 70.
14
Let v(p) = p**3 + 9*p**2 - 36*p + 11. Let i be v(-11). Calculate the highest common factor of 120 and i.
15
Suppose 0 = -7*d - 935 + 1187. Calculate the greatest common factor of 636 and d.
12
Let v(l) = l**2 - 21*l + 78. Let d be v(17). What is the greatest common divisor of d and 4210?
10
Suppose -15 = 3*d, 0 = -r - 2*d - d + 33. Let j = -33 + r. Let t = j + -10. What is the greatest common divisor of 55 and t?
5
Suppose 8*a - 7 - 17 = 0. 